pose -n + 5*u = -5*n - 9, 2*n = 4*u + 28. What are the prime factors of ((-186)/15)/(n/i)?
31
Let q(s) = 22*s + 23. Let k = -272 + 293. What are the prime factors of q(k)?
5, 97
Suppose 3*c + 24 = 3*x, -4*x + 3 = -c + 4. Let d(j) be the second derivative of -25*j**3/6 - 81*j**2/2 - 27*j. What are the prime factors of d(c)?
2, 97
Let b(t) = 15 - 9*t - 4 - 12 + 6*t**2 + t**3. Let i = -37 - -30. What are the prime factors of b(i)?
13
Let q = 867 - -4483. What are the prime factors of q/28 + 1/(-14)?
191
Suppose 3*a + 89*q = 91*q + 31837, 3*q = 5*a - 53061. List the prime factors of a.
3, 131
Let n(s) = s**3 + 5*s**2 - 6. Suppose 2*z = -r - 6 - 5, 0 = 4*r + 2*z + 26. Let b be n(r). Let h = b + 8. What are the prime factors of h?
2
Let q(m) = -4*m**2. Let l(r) = -11*r**2 - 4*r - 23. Let z(s) = l(s) - 3*q(s). What are the prime factors of z(-9)?
2, 47
What are the prime factors of -5 - (42/(-12)*3954 - -9)?
5, 7, 79
Let f(q) = -2*q**2 - 5*q + 1. Let r be f(-7). Let h = 313 - r. List the prime factors of h.
3, 5
Suppose p + 32 = 162. Let d be 36/45 - (-948)/15. What are the prime factors of 4/(p/d + 1 + -3)?
2
Suppose -16899 + 55002 = 2*c - d, 5*d + 19083 = c. What are the prime factors of c?
2, 2381
Let p(k) = k**3 + 29*k**2 - 40*k - 51. Let r be p(-30). Let j = -29 + r. List the prime factors of j.
2, 5, 11
Suppose -14*h + 14696 = 44096. Let i = 0 + 0. What are the prime factors of (h/15)/(-1 + i)?
2, 5, 7
Let h(j) be the first derivative of 547*j**2/2 + 14*j + 57. List the prime factors of h(1).
3, 11, 17
Let p(r) = 5*r**2 - 56*r - 44. List the prime factors of p(-40).
2, 2549
Suppose p + 5 = 2*i - 3, 0 = 2*i - 2*p - 10. Suppose -3 = -g - 6, -4*g + 1185 = -i*t. What are the prime factors of -1 - t/5 - 8/(-40)?
79
What are the prime factors of (-1501)/(-38)*-8*(0 - 268)?
2, 67, 79
Let p = 589 + -585. List the prime factors of -77*(p + 2 - 19).
7, 11, 13
Suppose 4*m = -u - 211, -u - 80 = 2*m + 23. Let d = m + 87. Suppose 0 = -5*f - l + d, 0*f + 2*l + 18 = 4*f. What are the prime factors of f?
2, 3
Let t = 6 + -16. Let u(z) be the first derivative of -9*z**2 - 17*z - 455. What are the prime factors of u(t)?
163
Suppose -99*l = -3735891 - 2065267 + 1924912. What are the prime factors of l?
2, 19577
Suppose 0 = -3*w + 341 - 125. Let j = -100 + w. List the prime factors of (-4 - j/6)*135.
2, 3, 5
Let c = 33 + -28. Let m be 4/(((-4)/5)/(-2)). Suppose -c*o = -4*a + 78, a + 2*o - 36 = -m. List the prime factors of a.
2, 11
Let m(q) = q**3 - 18*q**2 + 19*q - 30. Let p be m(17). Suppose -c - 275 = -6*c - 5*y, -p*c = 3*y - 218. Let d = 76 + c. List the prime factors of d.
3, 43
Let d(z) = z**3 + 40*z**2 + 47*z - 242. List the prime factors of d(-31).
2, 5, 139
Suppose -430*k + 2095 = 3*p - 425*k, 0 = p - k - 693. What are the prime factors of p?
5, 139
Let o(k) = k**3 + 7*k**2 - 13*k + 36990. What are the prime factors of o(0)?
2, 3, 5, 137
Suppose 35*c - 4 = 37*c. Let t be (-60)/(-16) - c/8. List the prime factors of t - 0 - (-227 - -3).
2, 3, 19
Let u = 12 - 9. Let w be (-12)/(-21) - u/(-7) - -1. Suppose w*p = -2*p + 360. What are the prime factors of p?
2, 3, 5
Let p = -184 + 188. Suppose -5*n + f - 880 + 3698 = 0, -3*f = -p*n + 2261. List the prime factors of n.
563
Let z(y) = 3*y - 30. Let u be z(6). Let o(j) = -j**2 - 14*j - 13. Let g be o(u). Suppose 0 = -6*x + 325 + g. What are the prime factors of x?
2, 7
What are the prime factors of ((-4)/(-6))/((-435)/(-261)) + (-74008)/(-5)?
2, 3, 2467
Let f = 888 - 706. What are the prime factors of f?
2, 7, 13
Suppose 63*j + 716223 = 4063287. What are the prime factors of j?
2, 29, 229
Let g = -100 - -425. Suppose 4*y = -u + g, -331 = -4*y + u - 0*u. Let i = -32 + y. List the prime factors of i.
2, 5
Let a(u) = u**3 + 9*u**2 + 32*u + 10. Let k be a(-7). List the prime factors of -1415*1*k/145.
2, 283
Let n(g) = -11*g - 31. Let r be ((-20)/6)/((-2)/(-6)). Let t(v) = -v - 21. Let l be t(r). List the prime factors of n(l).
2, 3, 5
Let h(n) = 18*n**3 - n**2 - n - 1. Suppose 5*j = -2*z, j + 15 = -5*z - 8. What are the prime factors of h(j)?
137
Let f(o) be the second derivative of -o**5/20 + o**4/2 - 5*o**3/3 + 3*o**2 - 22*o. Let p be f(4). List the prime factors of (-1)/(p + 772/388).
97
Suppose -2*a + 16 = 6*a. Let l(f) = -f + 0 + a + 2*f. List the prime factors of l(1).
3
Let j(v) = 472*v**2 - 67*v - 18. List the prime factors of j(-2).
2, 3, 167
Let p be (-1)/(-5) + 376/20. Suppose -844 = -p*w + 17*w. List the prime factors of w.
2, 211
Let o = 10034 + 4932. What are the prime factors of o?
2, 7, 1069
Suppose x - 27 = -5*g, 0 = 4*x - 2*g - 2 + 4. Let s be 12/(-27) + (1452/54)/11. Suppose -x*o - s*b = o - 235, -o - b + 79 = 0. What are the prime factors of o?
7, 11
Suppose -4*v = -3*w + 4624 + 2739, 1 = -v. List the prime factors of w.
11, 223
Let r be 5/(-1) - (1 - (2396 + -3)). Let z = r - 1404. What are the prime factors of z?
983
Let o = 114 + -109. Suppose -o*b + 35 = 10. What are the prime factors of (-1)/b - (2376/(-30) + -1)?
2, 5
Let l(d) = -11*d + 39. Let h be (-5978)/154 - 4*(-3)/(-66). What are the prime factors of l(h)?
2, 3, 13
Let f(j) = 5269*j**2 - 270*j + 268. What are the prime factors of f(1)?
23, 229
Suppose 174*i = -148*i + 122*i + 5043200. List the prime factors of i.
2, 197
Suppose 0*k + m = k + 21, -m = 4*k + 59. List the prime factors of (3 - 24/9)/(k/(-14064)).
293
Let o(y) = y**2 - 3*y + 140. Let f be o(-22). Suppose -4*x + x - 1440 = 0. Let g = f + x. What are the prime factors of g?
2, 3, 5, 7
Let v(y) = y**2 - 23*y + 109. Let t be v(17). Suppose -39 = t*u - 12912. List the prime factors of u.
3, 613
Suppose 2*n - 32 = 2*v, 4*n + n - 84 = 4*v. Let x(s) = 76*s + 105. What are the prime factors of x(n)?
5, 13
Let k be -3*(1 + -4) - (-4)/(-2). Suppose 511 = k*a - 497. What are the prime factors of a?
2, 3
Suppose -2*h - 6496 + 22846 = 0. Suppose 101*g = 106*g - h. List the prime factors of g.
3, 5, 109
Let k(f) = 2*f - 65. Let p be k(34). Suppose p*y = 1048 - 52. What are the prime factors of y?
2, 83
Let h = 2 + -4. Let l(k) be the first derivative of 24*k**3 + 3*k**2/2 + 2*k + 303. What are the prime factors of l(h)?
2, 71
Suppose -21*y = y - 176. List the prime factors of y/3*(-55425)/(-100).
2, 739
Let u(y) = -21*y**3 + y**2 - 10*y - 45. Let s be u(-8). Suppose -8*x + 3197 = -s. List the prime factors of x.
2, 439
What are the prime factors of 0/(-2) + 1 - (1 - (8620 + 7))?
8627
Let m(i) be the first derivative of -i**5/24 - 23*i**4/24 + i**3/3 + i**2 - 41. Let l(r) be the third derivative of m(r). What are the prime factors of l(-26)?
107
List the prime factors of -3 - 2/((-28)/401310).
2, 3, 17, 281
Let s = -206 - -214. Suppose 0 = -s*o + 13*o - 245. What are the prime factors of o?
7
What are the prime factors of (12/(-36))/(1/(-10090)) - 4/12?
3, 19, 59
Let s = -1061 + 1922. Let a = -86 + s. What are the prime factors of a?
5, 31
Let z(v) = -2*v**3 + 7*v**2 + 4*v + 7232. List the prime factors of z(0).
2, 113
Suppose 0 = -4*f - 2*k + 20388, -2*k = -4*f + 2*f + 10200. What are the prime factors of f?
2, 2549
Suppose 0 = -w + s - 9, s = -4*w - 26 + 15. List the prime factors of (-3669)/w - (-5)/120*-30.
2, 229
Let s(n) = 618*n - 240. What are the prime factors of s(7)?
2, 3, 227
Suppose 2*k = -3*q + 23249 + 10297, 3*q = 4*k + 33492. What are the prime factors of q?
2, 11, 127
Let r = 20781 - 14099. What are the prime factors of r?
2, 13, 257
What are the prime factors of (12 - 526000/(-96)) + 2/(-12)?
17, 19
Suppose 40 + 28 = -4*o. Let n be 45/(-1) + o + 16. Let k = -42 - n. What are the prime factors of k?
2
Let r = 218 - 219. What are the prime factors of (r - -4)*2 + 540?
2, 3, 7, 13
Let k(o) = 1043*o - 3763. List the prime factors of k(15).
2, 13, 457
Suppose a = 3*s - 28299, -27*a + 22*a + 37713 = 4*s. What are the prime factors of s?
2, 3, 131
Let i = -24578 + 39664. What are the prime factors of i?
2, 19, 397
Let h(a) = -18*a**3 + 3*a**2 + 3*a - 1. Let p be h(-2). Let y = -2 + p. What are the prime factors of y?
3, 7
Suppose -10599 = -20*p + 981. Suppose 0 = -572*d + p*d - 5789. What are the prime factors of d?
827
Let q(d) = d**2 + 20*d - 64. Let k be q(3). Suppose 9480 = 10*f + k*f. What are the prime factors of f?
2, 79
Suppose -131*h - 4*w = -126*h - 19874, -3*w = -